e g(-9). What is the remainder when 2/(s + (-84)/(-41)) is divided by ((-2)/(-4) - 1)*-22?
8
Suppose g - 46 = -3. Suppose -2*b + 65*b - 1077 = 309. What is the remainder when g is divided by b?
21
Let a(c) = c**3 + 6*c**2 - 10*c - 15. Let b be a(-7). What is the remainder when 6 is divided by -12*(4 + (-26)/b)?
2
Suppose -2*c - 3*n + 128 = 43, -3*c + n + 144 = 0. Suppose -5*z + 438 = -c. What is the remainder when z is divided by 20?
17
Let o(r) = r**3 + 11*r**2 - 40*r - 391. What is the remainder when o(-9) is divided by 46/(1 - 0) - 1?
41
Suppose 4*p - 792 = -2*s, -p = 5*s + 2 - 218. What is the remainder when p is divided by 67?
62
Let r(x) = x**2 - 5*x + 2. Suppose -4*a + 25 - 5 = 0. Let q be r(a). What is the remainder when 77 is divided by q*4*(17 + -15)?
13
Let u = 734 - 718. What is the remainder when 29 is divided by u?
13
Suppose 21 = 4*f - n, -n - 27 = -3*f + 2*n. Suppose 3*z - 4*z = -5*r + 30, 0 = -3*r - 4*z + 41. Calculate the remainder when (3/f)/(2/48) is divided by r.
4
Let f = -399 - -690. Calculate the remainder when 2*3/12 + f/6 is divided by 13.
10
Let f(n) = -275*n**3 - 2*n**2. Calculate the remainder when f(-1) is divided by 11.
9
Suppose 3*w + 9 = 126. Suppose 43 = 2*a + w. Calculate the remainder when 11 is divided by a.
1
Let o(g) = -g**2 - 63*g - 669. Calculate the remainder when (268/6)/2*3 is divided by o(-49).
16
What is the remainder when 48/(4 + 15/(-6)) is divided by ((-3)/6)/(-1)*38?
13
Let v be 16/(1 - (-2)/(-3)). Suppose s - v = -2*s. Let r = s + -9. What is the remainder when 27 is divided by r?
6
Let u = -44 + 76. Calculate the remainder when 153 is divided by u.
25
Let m(q) = q + 15. Let d be m(-12). Let r be (-1)/(2 + (-10)/4). Suppose -5*n = 4*g - 3 - 10, r*g - 5 = -d*n. What is the remainder when 17 is divided by g?
3
Suppose -42*x + 14*x = -10304. What is the remainder when x is divided by 5?
3
What is the remainder when 13832/65 + 27/(-15) is divided by 53?
52
Let n be 3/(-6)*-10*1. Suppose -n*f + 3*f + 28 = -4*k, 5*f + 5 = -5*k. What is the remainder when 23 is divided by f?
3
Calculate the remainder when (-18)/9 + (-124)/(-2) is divided by (32/6)/(12*10/360).
12
Suppose 23 = 20*t - 21*t. What is the remainder when 16 is divided by (-1)/(-4) + t/(-4)?
4
Let a = 2 + 3. Suppose -a*y + 6 + 14 = 0. Calculate the remainder when 13 is divided by y.
1
Suppose -990*i - 474 = -996*i. What is the remainder when 233 is divided by i?
75
Suppose -5973 + 3629 = -8*u. What is the remainder when u is divided by 105?
83
Suppose -5*r = 255 - 995. Calculate the remainder when r is divided by 42.
22
Suppose 5*w - 722 = -612. Calculate the remainder when 31 is divided by w.
9
Let s(m) = m**2 - m - 2. Let i be s(-4). Let z = -11 + i. Suppose 13 = r + 15, 3*t - 41 = 4*r. What is the remainder when t is divided by z?
4
Let p(v) = -v**3 - 5*v**2 + 4*v - 9. Let h(q) = -3*q**3 + 11*q**2 + 23*q + 8. Calculate the remainder when h(-3) is divided by p(-7).
58
Suppose 6 = 2*g - 4*g, -3*g = 5*u - 16. Suppose u*s - 140 = -r - 2*r, -3*s = -4*r - 84. What is the remainder when 54 is divided by s?
26
Let q(a) be the second derivative of 5*a**4/3 - a**3/3 + a**2/2 + 12*a. Calculate the remainder when q(1) is divided by 11.
8
Suppose -3*t - 242 - 1312 = 0. Let i be t/(-21)*(2 - -1). Let x = i + -52. Calculate the remainder when x is divided by 8.
6
Let w(b) = 2*b + 1. Let q be w(-1). Let m be -36 - (-1 - 1 - q). Let l = m - -50. What is the remainder when l is divided by 10?
5
Suppose 5*y = -5*w + 220, -285*w - 3*y - 197 = -289*w. Suppose -62 + 17 = -5*s. Calculate the remainder when w is divided by s.
2
Suppose 5*w + 15 = 0, 2*x - 5*x = 2*w - 627. What is the remainder when x is divided by 45?
31
Calculate the remainder when 424 is divided by (-6)/6*-61*1.
58
Suppose -3*t + 4*t - 4 = 0. Suppose 2 = r - t. Calculate the remainder when r*(-12)/(-4 - -1) is divided by 13.
11
Suppose -5*k + 410 = 2*n - 633, -4*n + 3*k = -2073. Calculate the remainder when n is divided by 20.
19
Let y = -8 + -124. Let o = y - -135. Calculate the remainder when 7 is divided by o.
1
Let v = -101 + 111. Suppose q - 4*b = 89 - 15, -5*b = -v. Calculate the remainder when q is divided by 12.
10
Suppose -196 = 8*b - 2876. Calculate the remainder when b is divided by 15.
5
Suppose 3*s - 4*s = -104. What is the remainder when (-6)/10*(-11 - s) is divided by 18?
15
Let x(l) = l**3 - 2*l**2 - l + 2. Let n be x(2). Suppose -22*m + 18*m + 564 = n. What is the remainder when m is divided by 36?
33
Calculate the remainder when 138 + 2/(-4)*(-18)/9 is divided by 14.
13
Suppose u + 3 = -1. Calculate the remainder when ((-1)/2)/(u/240) is divided by 3 - (0 + 3/((-3)/5)).
6
Let l(w) = 2*w**2 + 16*w + 4. Calculate the remainder when 593 is divided by l(-9).
21
Let x = -6 + 31. What is the remainder when -28*((-26)/8 + 4/(-16)) is divided by x?
23
Let g(p) = p**2 - 41*p - 76. Let k(t) = -t**2 - 11*t - 7. Let b be k(-10). Suppose 4*z = b*z + 15. What is the remainder when z is divided by g(43)?
5
Suppose -6*f + 9*f = -3*w + 1104, 4*f = 5*w + 1481. Calculate the remainder when f is divided by 31.
28
Suppose -21 = -3*y - 2*q + 101, 2*y - 82 = -2*q. Calculate the remainder when y is divided by 31.
9
Suppose 0 = -5*i - 10, -t = -0*t - 4*i - 25. Suppose -3*n + 5*z = -169, -2*n + n - 3*z = -75. What is the remainder when n is divided by t?
12
Let g(z) = z + 30. Let d be (-60)/8 + (-6)/4. What is the remainder when 39 is divided by g(d)?
18
Suppose -2*w - 440 = 2*w. Let h = w + 50. What is the remainder when -7 + 2 + 2 - h is divided by 15?
12
Let j = -156 + 166. Calculate the remainder when 70 is divided by j.
0
Let n(j) = -59*j - 1459. Let t(r) = -12*r**3 - 2*r**2 - 2*r. What is the remainder when t(-2) is divided by n(-25)?
12
Let b = 7 - -14. What is the remainder when b is divided by ((-12)/(-10))/(22/55)?
0
Suppose -17*j + 15*j + 40 = 0. What is the remainder when (1/((-25)/(-590)))/((-1)/(-5)) is divided by j?
18
Let o(d) = d**2 + 3*d + 4. Let l(g) = -2*g - 19. Let q be l(-7). Calculate the remainder when 53 is divided by o(q).
11
Suppose 4*u - o + 135 = -0*u, 5*o - 150 = 5*u. Suppose -71 = 4*l - 227. What is the remainder when l is divided by ((-4)/(-5))/(-2)*u?
11
Let v be (-4 - -26)/(0 + 4/(-66)). What is the remainder when 14/35 + v/(-5) is divided by 26?
21
Let t = 69 + -15. Let g = -6489 - -6509. Calculate the remainder when t is divided by g.
14
Let w(c) = -c**2 + 10*c - 5. Let z(u) = 3*u**2 - 29*u + 16. Let i(m) = 11*w(m) + 4*z(m). Calculate the remainder when i(8) is divided by (2/6)/((-1)/(-27)).
7
Suppose -2*j - r + 416 = 0, -3*j + 3*r + 90 + 516 = 0. What is the remainder when j is divided by 26?
24
Let k(f) be the first derivative of 7*f**2 + 5*f + 36. What is the remainder when 136 is divided by k(3)?
42
What is the remainder when 733 is divided by (-1023)/(-21) - ((-20)/(-14))/(-5)?
47
Let p(j) = -j**3 - 9*j**2 - 15*j - 2. Let d(w) = -w**3 + 3*w**2 + 7*w - 11. Calculate the remainder when p(-7) is divided by d(4).
0
Suppose 0 = 18*t - 1252 - 998. What is the remainder when t is divided by 21?
20
Let p(h) = -2*h**2 - 11*h - 31. Let s be p(7). Let z = s + 354. What is the remainder when z is divided by 30?
28
Let t(h) = 32*h + 6. Let m be t(3). Suppose 5*k - m = -17. Suppose 2*w + 2*q = 126, q + 138 = -0*w + 2*w. What is the remainder when w is divided by k?
16
Let z(g) = 2*g + 188. Calculate the remainder when z(-27) is divided by 21.
8
Let d be 1/(2 - 0)*0. Suppose -5*h + 6 + 9 = d. What is the remainder when (-4)/1 + (10 - -3) is divided by h?
0
Suppose 9*l - 191 = 340. Calculate the remainder when 293 is divided by l.
57
Let s = -185 + 132. Let c(w) = -4*w**2 + 6*w - 7. Let h be c(-5). Let q = s - h. What is the remainder when q is divided by 29?
26
Suppose 4*i + 5*o + 0 = 36, -4*o + 16 = 0. Suppose -y - i*y + 35 = 0. Suppose 12 = -2*w + 8*w. Calculate the remainder when y is divided by w.
1
Let y = 1712 - 1700. Suppose d + 0*d = 4. What is the remainder when y is divided by d?
0
Suppose 0 = 2*u - 142 - 230. Suppose u + 204 = 6*c. What is the remainder when 66 is divided by c/4 - (-3)/4?
15
Suppose 463 = 47*h - 2827. Calculate the remainder when 133 is divided by h.
63
Suppose -2 + 5 = -3*w, 2*v = 5*w + 15. Suppose -3*u = -4*x - 4*u + 11, v*x - 13 = -u. What